{"id":2390,"date":"2023-03-16T14:11:38","date_gmt":"2023-03-16T14:11:38","guid":{"rendered":"https:\/\/xn--seoravalls-u9a.es\/?page_id=2390"},"modified":"2023-03-16T14:32:28","modified_gmt":"2023-03-16T14:32:28","slug":"tienda-online","status":"publish","type":"page","link":"https:\/\/xn--seoravalls-u9a.es\/index.php\/tienda-online\/","title":{"rendered":"Tienda online"},"content":{"rendered":"<ul data-layout=\"grid\" data-template=\"{&quot;dir&quot;:&quot;lite&quot;,&quot;file_name&quot;:&quot;default.php&quot;,&quot;name&quot;:&quot;Woo-Product-Gallery&quot;}\" data-nonce=\"b2462c5da6\" data-page-id=\"2390\" data-widget-id=\"01f6e91\" data-widget=\"01f6e91\" data-class=\"Essential_Addons_ElementorElementsWoo_Product_Gallery\" data-args=\"post_type=product&amp;post_status%5B0%5D=publish&amp;post_status%5B1%5D=pending&amp;post_status%5B2%5D=future&amp;posts_per_page=3&amp;order=desc&amp;offset=0&amp;tax_query%5Brelation%5D=AND&amp;tax_query%5B0%5D%5Btaxonomy%5D=product_visibility&amp;tax_query%5B0%5D%5Bfield%5D=name&amp;tax_query%5B0%5D%5Bterms%5D%5B0%5D=exclude-from-search&amp;tax_query%5B0%5D%5Bterms%5D%5B1%5D=exclude-from-catalog&amp;tax_query%5B0%5D%5Boperator%5D=NOT+IN&amp;orderby=date&amp;meta_query%5Brelation%5D=AND\" data-page=\"1\">\n<li><a href=\"javascript:;\" data-taxonomy=\"all\" data-page=\"1\" data-id=\"\">Talleres<\/a><\/li>\n<\/ul>\n<ul data-layout-mode=\"grid\" data-show-secondary-image=\"0\">\n<li>\n\t        Rebajado<a href=\"https:\/\/xn--seoravalls-u9a.es\/index.php\/producto\/taller-de-ceramica-decoracion\/\">                <img fetchpriority=\"high\" decoding=\"async\" src=\"https:\/\/xn--seoravalls-u9a.es\/wp-content\/uploads\/2023\/03\/Screenshot-2023-03-16-at-10-54-03-Marina-Valls-@senoravalls-\u2022-Fotos-y-videos-de-Instagram-240x300.png\" alt=\"\" loading=\"eager\" width=\"240\" height=\"300\"><\/a><\/p>\n<h2>Taller de cer\u00e1mica &#8211; Decoraci\u00f3n<\/h2>\n<p><del aria-hidden=\"true\"><bdi>\u20ac75.00<\/bdi><\/del> <ins><bdi>\u20ac60.00<\/bdi><\/ins>            <a href=\"?add-to-cart=2362\" data-quantity=\"1\" data-product_id=\"2362\" data-product_sku=\"\" aria-label=\"A\u00f1ade \u201cTaller de cer\u00e1mica - Decoraci\u00f3n\u201d a tu carrito\" rel=\"nofollow\">A\u00f1adir al carrito<\/a><\/li>\n<li>\n\t        Rebajado<a href=\"https:\/\/xn--seoravalls-u9a.es\/index.php\/producto\/taller-de-iniciacion-a-la-ceramica-2\/\">                <img decoding=\"async\" src=\"https:\/\/xn--seoravalls-u9a.es\/wp-content\/uploads\/2023\/03\/taller1-240x300.png\" alt=\"\" loading=\"eager\" width=\"240\" height=\"300\"><\/a><\/p>\n<h2>Taller de iniciaci\u00f3n a la cer\u00e1mica 2<\/h2>\n<p><del aria-hidden=\"true\"><bdi>\u20ac75.00<\/bdi><\/del> <ins><bdi>\u20ac60.00<\/bdi><\/ins>            <a href=\"?add-to-cart=2358\" data-quantity=\"1\" data-product_id=\"2358\" data-product_sku=\"\" aria-label=\"A\u00f1ade \u201cTaller de iniciaci\u00f3n a la cer\u00e1mica 2\u201d a tu carrito\" rel=\"nofollow\">A\u00f1adir al carrito<\/a><\/li>\n<li>\n\t        Rebajado<a href=\"https:\/\/xn--seoravalls-u9a.es\/index.php\/producto\/album\/\">                <img decoding=\"async\" src=\"https:\/\/xn--seoravalls-u9a.es\/wp-content\/uploads\/2023\/03\/taller1-240x300.png\" alt=\"\" loading=\"eager\" width=\"240\" height=\"300\"><\/a><\/p>\n<h2>Taller de iniciaci\u00f3n a la cer\u00e1mica<\/h2>\n<p><del aria-hidden=\"true\"><bdi>\u20ac75.00<\/bdi><\/del> <ins><bdi>\u20ac60.00<\/bdi><\/ins>            <a href=\"?add-to-cart=2354\" data-quantity=\"1\" data-product_id=\"2354\" data-product_sku=\"\" aria-label=\"A\u00f1ade \u201cTaller de iniciaci\u00f3n a la cer\u00e1mica\u201d a tu carrito\" rel=\"nofollow\">A\u00f1adir al carrito<\/a><\/li>\n<\/ul>\n","protected":false},"excerpt":{"rendered":"<p>Talleres Rebajado Taller de cer\u00e1mica &#8211; Decoraci\u00f3n \u20ac75.00 \u20ac60.00 A\u00f1adir al carrito Rebajado Taller de iniciaci\u00f3n a la cer\u00e1mica 2 \u20ac75.00 \u20ac60.00 A\u00f1adir al carrito Rebajado Taller de iniciaci\u00f3n a la cer\u00e1mica \u20ac75.00 \u20ac60.00 A\u00f1adir al carrito<\/p>\n","protected":false},"author":1,"featured_media":0,"parent":0,"menu_order":0,"comment_status":"closed","ping_status":"closed","template":"","meta":{"footnotes":""},"class_list":["post-2390","page","type-page","status-publish","hentry"],"_links":{"self":[{"href":"https:\/\/xn--seoravalls-u9a.es\/index.php\/wp-json\/wp\/v2\/pages\/2390","targetHints":{"allow":["GET"]}}],"collection":[{"href":"https:\/\/xn--seoravalls-u9a.es\/index.php\/wp-json\/wp\/v2\/pages"}],"about":[{"href":"https:\/\/xn--seoravalls-u9a.es\/index.php\/wp-json\/wp\/v2\/types\/page"}],"author":[{"embeddable":true,"href":"https:\/\/xn--seoravalls-u9a.es\/index.php\/wp-json\/wp\/v2\/users\/1"}],"replies":[{"embeddable":true,"href":"https:\/\/xn--seoravalls-u9a.es\/index.php\/wp-json\/wp\/v2\/comments?post=2390"}],"version-history":[{"count":19,"href":"https:\/\/xn--seoravalls-u9a.es\/index.php\/wp-json\/wp\/v2\/pages\/2390\/revisions"}],"predecessor-version":[{"id":2417,"href":"https:\/\/xn--seoravalls-u9a.es\/index.php\/wp-json\/wp\/v2\/pages\/2390\/revisions\/2417"}],"wp:attachment":[{"href":"https:\/\/xn--seoravalls-u9a.es\/index.php\/wp-json\/wp\/v2\/media?parent=2390"}],"curies":[{"name":"wp","href":"https:\/\/api.w.org\/{rel}","templated":true}]}}